73250?
4830
What is the greatest common factor of 23633874 and 44?
22
Calculate the highest common divisor of 5864 and 15781490.
1466
Calculate the greatest common divisor of 130 and 107677050.
130
Calculate the greatest common factor of 66734 and 190198.
122
What is the greatest common divisor of 23087446 and 138?
46
What is the highest common factor of 1649336250 and 25?
25
What is the greatest common factor of 68016 and 4456029?
327
What is the greatest common divisor of 21 and 3667257699?
21
What is the greatest common divisor of 27 and 16775559?
27
What is the highest common factor of 744 and 115786488?
744
Calculate the greatest common factor of 551184 and 7536.
48
What is the highest common divisor of 26 and 3029?
13
Calculate the greatest common divisor of 1340 and 10971585.
335
Calculate the highest common factor of 46390 and 18588473.
4639
Calculate the highest common factor of 1784708 and 38.
38
Calculate the greatest common factor of 527877 and 18867.
57
Calculate the highest common factor of 147436 and 32549039.
1271
What is the greatest common factor of 194424769 and 11242?
5621
What is the greatest common factor of 1136885 and 4490?
5
What is the highest common divisor of 427230056 and 1072?
536
Calculate the greatest common divisor of 56258630 and 130.
10
Calculate the highest common divisor of 2287296 and 108.
36
Calculate the highest common divisor of 175875658 and 70.
14
Calculate the highest common divisor of 345 and 420510.
15
What is the highest common divisor of 168 and 66155016?
24
Calculate the greatest common factor of 143 and 13843518.
13
Calculate the highest common factor of 39 and 18845749.
13
What is the greatest common factor of 23469600 and 41580?
4620
Calculate the highest common divisor of 4403 and 873607.
259
What is the greatest common divisor of 24 and 30612756?
12
What is the greatest common factor of 3468466 and 174334?
2602
Calculate the greatest common divisor of 551176530 and 615.
615
What is the highest common divisor of 5197051 and 152?
19
Calculate the highest common factor of 717356 and 34780.
148
What is the greatest common factor of 1782 and 350517618?
1782
What is the greatest common factor of 2176 and 110539712?
1088
Calculate the highest common factor of 1547504 and 43378.
82
Calculate the highest common factor of 32 and 512681504.
32
Calculate the highest common factor of 681717120 and 30.
30
What is the highest common divisor of 37324 and 447587?
301
Calculate the greatest common divisor of 120 and 33172665.
15
Calculate the greatest common factor of 6371937 and 1287.
1287
What is the greatest common divisor of 8778495 and 88?
11
Calculate the greatest common factor of 17119155 and 45.
15
Calculate the highest common factor of 829 and 962333873.
829
Calculate the highest common factor of 5229 and 9275.
7
Calculate the highest common factor of 2876232 and 132.
12
Calculate the highest common factor of 10633 and 81670120.
217
Calculate the highest common divisor of 298749 and 61725.
2469
What is the greatest common divisor of 7191 and 2195091?
153
Calculate the greatest common factor of 12932 and 63562.
122
Calculate the greatest common factor of 2029738986 and 11.
11
What is the highest common divisor of 358344272 and 26?
26
Calculate the greatest common divisor of 2576 and 39496681.
161
Calculate the highest common divisor of 36960 and 68243560.
3080
Calculate the highest common divisor of 18038530 and 340.
170
What is the greatest common divisor of 20112 and 197251792?
6704
What is the greatest common divisor of 11762954 and 2086?
2086
What is the greatest common factor of 656 and 286139?
41
Calculate the highest common factor of 420904 and 14696.
88
What is the greatest common divisor of 495 and 46477255?
55
What is the highest common factor of 542233 and 867251?
1609
Calculate the greatest common factor of 23383385 and 16825.
3365
What is the greatest common factor of 498 and 5766?
6
What is the highest common divisor of 64501040 and 80?
80
What is the greatest common factor of 8204 and 658078?
586
What is the greatest common factor of 134472 and 2764?
4
What is the highest common divisor of 23857228 and 124?
124
Calculate the greatest common factor of 264 and 356394588.
132
Calculate the highest common factor of 501940 and 220.
20
What is the greatest common divisor of 1206 and 437155302?
402
Calculate the greatest common divisor of 7408856 and 13.
13
Calculate the greatest common divisor of 619382 and 5283568.
3422
What is the greatest common factor of 30599 and 1176859?
37
What is the greatest common divisor of 3289440 and 2838?
66
What is the greatest common factor of 201934 and 163742?
62
What is the greatest common divisor of 374722605 and 15?
15
Calculate the greatest common factor of 228 and 19560.
12
What is the highest common factor of 3201770 and 3250?
130
Calculate the highest common divisor of 319381 and 477271.
277
Calculate the greatest common divisor of 108891818 and 574.
574
Calculate the greatest common factor of 12099705 and 158880.
4965
Calculate the greatest common factor of 6608600 and 2422.
346
Calculate the highest common factor of 952 and 722833608.
952
Calculate the greatest common factor of 1472 and 602527136.
736
Calculate the highest common factor of 6036 and 1182498.
6
What is the highest common divisor of 60 and 59681460?
60
Calculate the highest common factor of 276 and 38529.
3
What is the greatest common divisor of 1555061 and 5?
1
Calculate the greatest common divisor of 7163 and 1498169.
551
What is the greatest common factor of 2691 and 6808464?
117
What is the greatest common divisor of 59670 and 828189?
153
What is the highest common divisor of 195381 and 168269013?
11493
Calculate the highest common divisor of 7394405 and 25.
5
Calculate the highest common divisor of 170728 and 56.
8
What is the highest common divisor of 675 and 918459?
27
What is the highest common factor of 3756 and 2333415?
939
Calculate the highest common divisor of 23140568 and 23960.
4792
What is the greatest common divisor of 512 and 16165312?
64
What is the greatest common factor of 15354368 and 512?
512
What is the highest common factor of 140 and 542210?
10
Calculate the highest common factor of 5124 and 333263.
7
What is the greatest common factor of 48 and 2064948?
12
Calculate the greatest common divisor of 499239785 and 3190.
1595
What is the highest common factor of 1635135 and 12135?
15
Calculate the highest common divisor of 81830 and 138532345.
5845
What is the highest common divisor of 3305 and 5900747?
661
Calculate the highest common factor of 12240 and 17885520.
720
What is the greatest common factor of 66 and 9659518?
22
What is the highest common divisor of 117620834 and 1126?
1126
Calculate the greatest common factor of 8592 and 27161102.
358
Calculate the highest common factor of 5495721 and 3256.
407
Calculate the highest common factor of 164975 and 9971089.
6599
Calculate the highest common factor of 676119436 and 652.
652
What is the greatest common divisor of 16423 and 104175568?
1493
Calculate the highest common divisor of 46138936 and 976.
488
What is the greatest common factor of 124815106 and 182?
26
Calculate the greatest common factor of 17226413 and 220309.
1459
What is the highest common factor of 102986892 and 144?
36
Calculate the highest common factor of 8787032 and 88.
8
Calculate the highest common divisor of 272 and 28896.
16
What is the highest common factor of 55627 and 783835?
5057
What is the highest common divisor of 17454816 and 32256?
288
Calculate the highest common divisor of 11662490 and 980.
490
What is the highest common factor of 494 and 24395332?
26
What is the highest common factor of 2100 and 1557108?
84
Calculate the highest common factor of 69685 and 8706775.
385
What is the highest common factor of 142 and 65399662?
142
Calculate the highest common divisor of 9285 and 44012757.
1857
What is the highest common divisor of 550 and 1554550?
50
What is the highest common factor of 4824 and 1216854?
1206
Calculate the greatest common factor of 88 and 58591544.
88
Calculate the highest common factor of 58780233 and 477.
477
Calculate the greatest common divisor of 9494 and 4743616.
94
Calculate the highest common factor o